{"id":615,"date":"2021-05-12T04:59:14","date_gmt":"2021-05-12T04:59:14","guid":{"rendered":"https:\/\/mezcalmilquinientos.com\/index.php\/home\/"},"modified":"2023-06-29T11:56:43","modified_gmt":"2023-06-29T17:56:43","slug":"home","status":"publish","type":"page","link":"https:\/\/mezcalmilquinientos.com\/","title":{"rendered":"Inicio"},"content":{"rendered":"\n<div class=\"wp-block-cover alignfull is-light has-medium-font-size\" style=\"padding-top:0;padding-right:0;padding-bottom:0;padding-left:0;min-height:305px\"><span aria-hidden=\"true\" class=\"wp-block-cover__background has-black-background-color has-background-dim-0 has-background-dim\"><\/span><img loading=\"lazy\" decoding=\"async\" width=\"2000\" height=\"560\" class=\"wp-block-cover__image-background wp-image-676\" alt=\"\" src=\"https:\/\/mezcalmilquinientos.com\/wp-content\/uploads\/2023\/06\/Fondo-2.jpg\" style=\"object-position:12% 40%\" data-object-fit=\"cover\" data-object-position=\"12% 40%\" srcset=\"https:\/\/mezcalmilquinientos.com\/wp-content\/uploads\/2023\/06\/Fondo-2.jpg 2000w, https:\/\/mezcalmilquinientos.com\/wp-content\/uploads\/2023\/06\/Fondo-2-300x84.jpg 300w, https:\/\/mezcalmilquinientos.com\/wp-content\/uploads\/2023\/06\/Fondo-2-1024x287.jpg 1024w, https:\/\/mezcalmilquinientos.com\/wp-content\/uploads\/2023\/06\/Fondo-2-768x215.jpg 768w, https:\/\/mezcalmilquinientos.com\/wp-content\/uploads\/2023\/06\/Fondo-2-1536x430.jpg 1536w, https:\/\/mezcalmilquinientos.com\/wp-content\/uploads\/2023\/06\/Fondo-2-18x5.jpg 18w\" sizes=\"(max-width: 2000px) 100vw, 2000px\" \/><div class=\"wp-block-cover__inner-container is-layout-flow wp-block-cover-is-layout-flow\">\n<p class=\"has-text-align-center has-large-font-size\"><\/p>\n<\/div><\/div>\n\n\n\n<section class=\"wp-block-uagb-columns uagb-columns__wrap uagb-columns__background-none uagb-columns__stack-mobile uagb-columns__valign-center uagb-columns__gap-10 align uagb-block-201fd1c8 uagb-columns__columns-1 uagb-columns__max_width-theme\"><div class=\"uagb-columns__overlay\"><\/div><div class=\"uagb-columns__inner-wrap uagb-columns__columns-1\">\n<div class=\"wp-block-uagb-column uagb-column__wrap uagb-column__background-undefined uagb-block-26835354\"><div class=\"uagb-column__overlay\"><\/div>\n<figure class=\"wp-block-image size-large is-resized\"><img loading=\"lazy\" decoding=\"async\" src=\"https:\/\/mezcalmilquinientos.com\/wp-content\/uploads\/2023\/06\/Cenefa-1-1024x61.png\" alt=\"\" class=\"wp-image-652\" width=\"1200\" height=\"57\"\/><\/figure>\n<\/div>\n<\/div><\/section>\n\n\n\n<div class=\"wp-block-uagb-container uagb-block-4cf6a011 alignfull uagb-is-root-container\"><div class=\"uagb-container-inner-blocks-wrap\">\n<div class=\"wp-block-media-text alignwide is-stacked-on-mobile\"><figure class=\"wp-block-media-text__media\"><img loading=\"lazy\" decoding=\"async\" width=\"1024\" height=\"576\" src=\"https:\/\/mezcalmilquinientos.com\/wp-content\/uploads\/2023\/06\/Foto1-1024x576.jpg\" alt=\"\" class=\"wp-image-654 size-full\" srcset=\"https:\/\/mezcalmilquinientos.com\/wp-content\/uploads\/2023\/06\/Foto1-1024x576.jpg 1024w, https:\/\/mezcalmilquinientos.com\/wp-content\/uploads\/2023\/06\/Foto1-300x169.jpg 300w, https:\/\/mezcalmilquinientos.com\/wp-content\/uploads\/2023\/06\/Foto1-768x432.jpg 768w, https:\/\/mezcalmilquinientos.com\/wp-content\/uploads\/2023\/06\/Foto1-1536x864.jpg 1536w, https:\/\/mezcalmilquinientos.com\/wp-content\/uploads\/2023\/06\/Foto1-18x10.jpg 18w, https:\/\/mezcalmilquinientos.com\/wp-content\/uploads\/2023\/06\/Foto1.jpg 2000w\" sizes=\"(max-width: 1024px) 100vw, 1024px\" \/><\/figure><div class=\"wp-block-media-text__content\">\n<p class=\"has-text-align-center has-ast-global-color-2-color has-text-color has-medium-font-size\" style=\"font-style:italic;font-weight:400;line-height:2\">Mezcal Artesanal de Oaxaca, <strong>Artesan\u00eda L\u00edquida<\/strong> de la destilaci\u00f3n del coraz\u00f3n del Agave especie Espad\u00edn, con un complejo proceso de producci\u00f3n que se ha ido transformando a lo largo de las generaciones desde hace cientos de a\u00f1os.<\/p>\n<\/div><\/div>\n<\/div><\/div>\n\n\n\n<section class=\"wp-block-uagb-columns uagb-columns__wrap uagb-columns__background-none uagb-columns__stack-mobile uagb-columns__valign- uagb-columns__gap-10 align uagb-block-e21d8797 uagb-columns__columns-3 uagb-columns__max_width-theme\"><div class=\"uagb-columns__overlay\"><\/div><div class=\"uagb-columns__inner-wrap uagb-columns__columns-3\">\n<div class=\"wp-block-uagb-column uagb-column__wrap uagb-column__background-undefined uagb-block-d3ad3935\"><div class=\"uagb-column__overlay\"><\/div><\/div>\n\n\n\n<div class=\"wp-block-uagb-column uagb-column__wrap uagb-column__background-undefined uagb-block-ff084064\"><div class=\"uagb-column__overlay\"><\/div>\n<figure class=\"wp-block-image aligncenter size-large is-resized\"><img loading=\"lazy\" decoding=\"async\" src=\"https:\/\/mezcalmilquinientos.com\/wp-content\/uploads\/2023\/06\/Cenefa-2-1024x252.png\" alt=\"\" class=\"wp-image-657\" width=\"523\" height=\"128\" srcset=\"https:\/\/mezcalmilquinientos.com\/wp-content\/uploads\/2023\/06\/Cenefa-2-1024x252.png 1024w, https:\/\/mezcalmilquinientos.com\/wp-content\/uploads\/2023\/06\/Cenefa-2-300x74.png 300w, https:\/\/mezcalmilquinientos.com\/wp-content\/uploads\/2023\/06\/Cenefa-2-768x189.png 768w, https:\/\/mezcalmilquinientos.com\/wp-content\/uploads\/2023\/06\/Cenefa-2-1536x377.png 1536w, https:\/\/mezcalmilquinientos.com\/wp-content\/uploads\/2023\/06\/Cenefa-2-2048x503.png 2048w, https:\/\/mezcalmilquinientos.com\/wp-content\/uploads\/2023\/06\/Cenefa-2-18x4.png 18w\" sizes=\"(max-width: 523px) 100vw, 523px\" \/><\/figure>\n<\/div>\n\n\n\n<div class=\"wp-block-uagb-column uagb-column__wrap uagb-column__background-undefined uagb-block-63236d06\"><div class=\"uagb-column__overlay\"><\/div><\/div>\n<\/div><\/section>\n\n\n\n<h2 class=\"wp-block-heading\">Nuestro Origen<\/h2>\n\n\n\n<div class=\"wp-block-media-text alignwide is-stacked-on-mobile\" style=\"grid-template-columns:39% auto\"><figure class=\"wp-block-media-text__media\"><img loading=\"lazy\" decoding=\"async\" width=\"768\" height=\"1024\" src=\"https:\/\/mezcalmilquinientos.com\/wp-content\/uploads\/2023\/06\/Foto-2-768x1024.jpg\" alt=\"\" class=\"wp-image-662 size-full\" srcset=\"https:\/\/mezcalmilquinientos.com\/wp-content\/uploads\/2023\/06\/Foto-2-768x1024.jpg 768w, https:\/\/mezcalmilquinientos.com\/wp-content\/uploads\/2023\/06\/Foto-2-225x300.jpg 225w, https:\/\/mezcalmilquinientos.com\/wp-content\/uploads\/2023\/06\/Foto-2-1152x1536.jpg 1152w, https:\/\/mezcalmilquinientos.com\/wp-content\/uploads\/2023\/06\/Foto-2-1536x2048.jpg 1536w, https:\/\/mezcalmilquinientos.com\/wp-content\/uploads\/2023\/06\/Foto-2-9x12.jpg 9w, https:\/\/mezcalmilquinientos.com\/wp-content\/uploads\/2023\/06\/Foto-2-scaled.jpg 1920w\" sizes=\"(max-width: 768px) 100vw, 768px\" \/><\/figure><div class=\"wp-block-media-text__content\">\n<p class=\"has-text-align-center has-ast-global-color-2-color has-text-color has-medium-font-size\" style=\"font-style:italic;font-weight:100;line-height:2\">Con orgullo nuestro origen en Santiago Matatl\u00e1n, Oaxaca, Pueblo M\u00e1gico, rodeado por enormes cerros que forman un verde tapiz durante la temporada de lluvias. Famoso por la producci\u00f3n Artesanal de Mexcalli (Maguey Cocido). El inicio de la preparaci\u00f3n para obtener el Mezcal. Fue habitado por zapotecos y mixtecos en distintas \u00e9pocas, por lo que destaca la mezcla cultural.<\/p>\n<\/div><\/div>\n\n\n\n<section class=\"wp-block-uagb-columns uagb-columns__wrap uagb-columns__background-none uagb-columns__stack-mobile uagb-columns__valign- uagb-columns__gap-10 align uagb-block-01381b35 uagb-columns__columns-3 uagb-columns__max_width-theme\"><div class=\"uagb-columns__overlay\"><\/div><div class=\"uagb-columns__inner-wrap uagb-columns__columns-3\">\n<div class=\"wp-block-uagb-column uagb-column__wrap uagb-column__background-undefined uagb-block-709e14e2\"><div class=\"uagb-column__overlay\"><\/div><\/div>\n\n\n\n<div class=\"wp-block-uagb-column uagb-column__wrap uagb-column__background-undefined uagb-block-c5aa5845\"><div class=\"uagb-column__overlay\"><\/div>\n<figure class=\"wp-block-image aligncenter size-large is-resized\"><img loading=\"lazy\" decoding=\"async\" src=\"https:\/\/mezcalmilquinientos.com\/wp-content\/uploads\/2023\/06\/Cenefa-3-1024x252.png\" alt=\"\" class=\"wp-image-663\" width=\"455\" height=\"111\" srcset=\"https:\/\/mezcalmilquinientos.com\/wp-content\/uploads\/2023\/06\/Cenefa-3-1024x252.png 1024w, https:\/\/mezcalmilquinientos.com\/wp-content\/uploads\/2023\/06\/Cenefa-3-300x74.png 300w, https:\/\/mezcalmilquinientos.com\/wp-content\/uploads\/2023\/06\/Cenefa-3-768x189.png 768w, https:\/\/mezcalmilquinientos.com\/wp-content\/uploads\/2023\/06\/Cenefa-3-1536x378.png 1536w, https:\/\/mezcalmilquinientos.com\/wp-content\/uploads\/2023\/06\/Cenefa-3-2048x504.png 2048w, https:\/\/mezcalmilquinientos.com\/wp-content\/uploads\/2023\/06\/Cenefa-3-18x4.png 18w\" sizes=\"(max-width: 455px) 100vw, 455px\" \/><\/figure>\n<\/div>\n\n\n\n<div class=\"wp-block-uagb-column uagb-column__wrap uagb-column__background-undefined uagb-block-1824377a\"><div class=\"uagb-column__overlay\"><\/div><\/div>\n<\/div><\/section>\n\n\n\n<h2 class=\"wp-block-heading\">Nuestro Proceso<\/h2>\n\n\n\n<div class=\"wp-block-media-text alignwide is-stacked-on-mobile\"><figure class=\"wp-block-media-text__media\"><img loading=\"lazy\" decoding=\"async\" width=\"944\" height=\"1024\" src=\"https:\/\/mezcalmilquinientos.com\/wp-content\/uploads\/2023\/06\/Proceso-de-produccion-944x1024.png\" alt=\"\" class=\"wp-image-666 size-full\" srcset=\"https:\/\/mezcalmilquinientos.com\/wp-content\/uploads\/2023\/06\/Proceso-de-produccion-944x1024.png 944w, https:\/\/mezcalmilquinientos.com\/wp-content\/uploads\/2023\/06\/Proceso-de-produccion-276x300.png 276w, https:\/\/mezcalmilquinientos.com\/wp-content\/uploads\/2023\/06\/Proceso-de-produccion-768x833.png 768w, https:\/\/mezcalmilquinientos.com\/wp-content\/uploads\/2023\/06\/Proceso-de-produccion-11x12.png 11w, https:\/\/mezcalmilquinientos.com\/wp-content\/uploads\/2023\/06\/Proceso-de-produccion.png 1034w\" sizes=\"(max-width: 944px) 100vw, 944px\" \/><\/figure><div class=\"wp-block-media-text__content\">\n<p class=\"has-text-align-center has-ast-global-color-2-color has-text-color has-medium-font-size\" style=\"font-style:italic;font-weight:100;line-height:2\">Nuestra t\u00e9cnica Prehisp\u00e1nica que garantiza el sabor de<strong> Mezcal Mil Quinientos.<\/strong><\/p>\n\n\n\n<p class=\"has-text-align-center has-ast-global-color-2-color has-text-color has-medium-font-size\" style=\"font-style:italic;font-weight:100;line-height:2\">En el piso de las viviendas de Tepetate, se hace un agujero de dos metro de di\u00e1metro por tres de profundidad y se llena de rocas volc\u00e1nicas y se calientan, acomodando encima las pi\u00f1as de Maguey, al cabo de tres d\u00edas al estar ya cocidas, se machacan y se ponen a fermentar en tinas de madera, terminado el proceso se cuecen las pi\u00f1as en un vapor que se condesa en otro recipiente para obtener el mezcal destilado.<\/p>\n<\/div><\/div>\n","protected":false},"excerpt":{"rendered":"<p>Mezcal Artesanal de Oaxaca, Artesan\u00eda L\u00edquida de la destilaci\u00f3n del coraz\u00f3n del Agave especie Espad\u00edn, con un complejo proceso de producci\u00f3n que se ha ido transformando a lo largo de las generaciones desde hace cientos de a\u00f1os. Nuestro Origen Con orgullo nuestro origen en Santiago Matatl\u00e1n, Oaxaca, Pueblo M\u00e1gico, rodeado por enormes cerros que forman &hellip;<\/p>\n<p class=\"read-more\"> <a class=\"\" href=\"https:\/\/mezcalmilquinientos.com\/\"> <span class=\"screen-reader-text\">Inicio<\/span> Leer m\u00e1s &raquo;<\/a><\/p>\n","protected":false},"author":1,"featured_media":0,"parent":0,"menu_order":0,"comment_status":"closed","ping_status":"closed","template":"","meta":{"_uag_custom_page_level_css":"","site-sidebar-layout":"no-sidebar","site-content-layout":"plain-container","ast-global-header-display":"","ast-banner-title-visibility":"","ast-main-header-display":"","ast-hfb-above-header-display":"","ast-hfb-below-header-display":"","ast-hfb-mobile-header-display":"","site-post-title":"disabled","ast-breadcrumbs-content":"","ast-featured-img":"","footer-sml-layout":"","theme-transparent-header-meta":"enabled","adv-header-id-meta":"","stick-header-meta":"","header-above-stick-meta":"","header-main-stick-meta":"","header-below-stick-meta":"","footnotes":""},"uagb_featured_image_src":{"full":false,"thumbnail":false,"medium":false,"medium_large":false,"large":false,"1536x1536":false,"2048x2048":false},"uagb_author_info":{"display_name":"mezcalmilquinientos.com","author_link":"https:\/\/mezcalmilquinientos.com\/index.php\/author\/mezcalmilquinientos-com\/"},"uagb_comment_info":0,"uagb_excerpt":"Mezcal Artesanal de Oaxaca, Artesan\u00eda L\u00edquida de la destilaci\u00f3n del coraz\u00f3n del Agave especie Espad\u00edn, con un complejo proceso de producci\u00f3n que se ha ido transformando a lo largo de las generaciones desde hace cientos de a\u00f1os. Nuestro Origen Con orgullo nuestro origen en Santiago Matatl\u00e1n, Oaxaca, Pueblo M\u00e1gico, rodeado por enormes cerros que forman&hellip;","_links":{"self":[{"href":"https:\/\/mezcalmilquinientos.com\/index.php\/wp-json\/wp\/v2\/pages\/615"}],"collection":[{"href":"https:\/\/mezcalmilquinientos.com\/index.php\/wp-json\/wp\/v2\/pages"}],"about":[{"href":"https:\/\/mezcalmilquinientos.com\/index.php\/wp-json\/wp\/v2\/types\/page"}],"author":[{"embeddable":true,"href":"https:\/\/mezcalmilquinientos.com\/index.php\/wp-json\/wp\/v2\/users\/1"}],"replies":[{"embeddable":true,"href":"https:\/\/mezcalmilquinientos.com\/index.php\/wp-json\/wp\/v2\/comments?post=615"}],"version-history":[{"count":15,"href":"https:\/\/mezcalmilquinientos.com\/index.php\/wp-json\/wp\/v2\/pages\/615\/revisions"}],"predecessor-version":[{"id":731,"href":"https:\/\/mezcalmilquinientos.com\/index.php\/wp-json\/wp\/v2\/pages\/615\/revisions\/731"}],"wp:attachment":[{"href":"https:\/\/mezcalmilquinientos.com\/index.php\/wp-json\/wp\/v2\/media?parent=615"}],"curies":[{"name":"wp","href":"https:\/\/api.w.org\/{rel}","templated":true}]}}